mainder when 723 is divided by 181.
180
Calculate the remainder when 628 is divided by 20.
8
What is the remainder when 1283 is divided by 323?
314
Calculate the remainder when 260 is divided by 88.
84
What is the remainder when 23 is divided by 19?
4
Calculate the remainder when 119 is divided by 60.
59
What is the remainder when 226 is divided by 63?
37
Calculate the remainder when 1309 is divided by 5.
4
Calculate the remainder when 218 is divided by 75.
68
Calculate the remainder when 123 is divided by 65.
58
Calculate the remainder when 129 is divided by 43.
0
Calculate the remainder when 9432 is divided by 31.
8
What is the remainder when 99 is divided by 76?
23
What is the remainder when 381 is divided by 84?
45
Calculate the remainder when 46 is divided by 8.
6
What is the remainder when 911 is divided by 57?
56
What is the remainder when 1139 is divided by 114?
113
Calculate the remainder when 137 is divided by 20.
17
What is the remainder when 2257 is divided by 2247?
10
What is the remainder when 78 is divided by 22?
12
Calculate the remainder when 122 is divided by 95.
27
Calculate the remainder when 28 is divided by 12.
4
Calculate the remainder when 1393 is divided by 124.
29
What is the remainder when 146 is divided by 69?
8
What is the remainder when 3716 is divided by 120?
116
Calculate the remainder when 295 is divided by 37.
36
What is the remainder when 45 is divided by 7?
3
What is the remainder when 46 is divided by 25?
21
Calculate the remainder when 161 is divided by 45.
26
What is the remainder when 908 is divided by 76?
72
Calculate the remainder when 142 is divided by 37.
31
Calculate the remainder when 134 is divided by 27.
26
What is the remainder when 5709 is divided by 408?
405
What is the remainder when 42 is divided by 32?
10
What is the remainder when 257 is divided by 93?
71
Calculate the remainder when 547 is divided by 105.
22
Calculate the remainder when 219 is divided by 16.
11
Calculate the remainder when 107 is divided by 47.
13
What is the remainder when 2010 is divided by 24?
18
What is the remainder when 461 is divided by 31?
27
Calculate the remainder when 529 is divided by 293.
236
What is the remainder when 1153 is divided by 77?
75
What is the remainder when 1164 is divided by 30?
24
Calculate the remainder when 232 is divided by 90.
52
What is the remainder when 1369 is divided by 225?
19
What is the remainder when 68 is divided by 28?
12
What is the remainder when 366 is divided by 187?
179
Calculate the remainder when 12 is divided by 3.
0
What is the remainder when 1659 is divided by 86?
25
What is the remainder when 3680 is divided by 365?
30
What is the remainder when 549 is divided by 2?
1
What is the remainder when 275 is divided by 137?
1
Calculate the remainder when 827 is divided by 52.
47
What is the remainder when 111 is divided by 100?
11
Calculate the remainder when 4644 is divided by 83.
79
What is the remainder when 4452 is divided by 97?
87
Calculate the remainder when 1307 is divided by 160.
27
What is the remainder when 38 is divided by 5?
3
What is the remainder when 391 is divided by 28?
27
What is the remainder when 1109 is divided by 10?
9
Calculate the remainder when 244 is divided by 45.
19
Calculate the remainder when 119 is divided by 40.
39
Calculate the remainder when 681 is divided by 31.
30
What is the remainder when 279 is divided by 83?
30
What is the remainder when 30418 is divided by 26?
24
What is the remainder when 611 is divided by 51?
50
What is the remainder when 321 is divided by 46?
45
Calculate the remainder when 8 is divided by 1.
0
What is the remainder when 6525 is divided by 6506?
19
Calculate the remainder when 1676 is divided by 550.
26
What is the remainder when 229 is divided by 29?
26
Calculate the remainder when 201 is divided by 17.
14
What is the remainder when 2017 is divided by 93?
64
What is the remainder when 2744 is divided by 22?
16
What is the remainder when 263 is divided by 129?
5
What is the remainder when 1818 is divided by 451?
14
Calculate the remainder when 217 is divided by 8.
1
What is the remainder when 1353 is divided by 149?
12
What is the remainder when 2517 is divided by 60?
57
Calculate the remainder when 975 is divided by 141.
129
Calculate the remainder when 10016 is divided by 21.
20
What is the remainder when 3926 is divided by 77?
76
Calculate the remainder when 670 is divided by 51.
7
Calculate the remainder when 713 is divided by 97.
34
Calculate the remainder when 1032 is divided by 325.
57
What is the remainder when 134 is divided by 10?
4
What is the remainder when 108 is divided by 56?
52
Calculate the remainder when 911 is divided by 442.
27
What is the remainder when 84 is divided by 17?
16
What is the remainder when 658 is divided by 3?
1
Calculate the remainder when 125 is divided by 23.
10
Calculate the remainder when 8084 is divided by 15.
14
Calculate the remainder when 423 is divided by 17.
15
What is the remainder when 658 is divided by 114?
88
Calculate the remainder when 31 is divided by 8.
7
Calculate the remainder when 5389 is divided by 14.
13
What is the remainder when 364 is divided by 61?
59
What is the remainder when 315 is divided by 10?
5
Calculate the remainder when 1282 is divided by 39.
34
What is the remainder when 47 is divided by 4?
3
What is the remainder when 3454 is divided by 133?
129
What is the remainder when 1525 is divided by 8?
5
Calculate the remainder when 147 is divided by 28.
7
What is the remainder when 66 is divided by 65?
1
What is the remainder when 674 is divided by 65?
24
What is the remainder when 95 is divided by 8?
7
What is the remainder when 714 is divided by 21?
0
What is the remainder when 3570 is divided by 19?
17
Calculate the remainder when 924 is divided by 235.
219
Calculate the remainder when 153 is divided by 22.
21
What is the remainder when 18 is divided by 17?
1
What is the remainder when 473 is divided by 80?
73
Calculate the remainder when 879 is divided by 88.
87
What is the remainder when 1135 is divided by 348?
91
Calculate the remainder when 179 is divided by 50.
29
Calculate the remainder when 16628 is divided by 154.
150
Calculate the remainder when 3724 is divided by 28.
0
What is the remainder when 10680 is divided by 7?
5
Calculate the remainder when 76 is divided by 21.
13
What is the remainder when 517 is divided by 88?
77
Calculate the remainder when 162 is divided by 30.
12
Calculate the remainder when 165 is divided by 51.
12
Calculate the remainder when 1159 is divided by 567.
25
Calculate the remainder when 357 is divided by 36.
33
What is the remainder when 1162 is divided by 70?
42
Calculate the remainder when 1115 is divided by 10.
5
Calculate the remainder when 142 is divided by 16.
14
Calculate the remainder when 42 is divided by 12.
6
Calculate the remainder when 2625 is divided by 37.
35
Calculate the remainder when 362 is divided by 13.
11
Calculate the remainder when 3265 is divided by 172.
169
What is the remainder when 604 is divided by 38?
34
Calculate the remainder when 302 is divided by 119.
64
Calculate the remainder when 181 is divided by 62.
57
What is the remainder when 137 is divided by 6?
5
Calculate the remainder when 127 is divided by 22.
17
What is the remainder when 5090 is divided by 48?
2
What is the remainder when 388 is divided by 95?
8
Calculate the remainder when 298 is divided by 35.
18
Calculate the remainder when 1408 is divided by 202.
196
Calculate the remainder when 101 is divided by 30.
11
What is the remainder when 82 is divided by 39?
4
Calculate the remainder when 245 is divided by 63.
56
Calculate the remainder when 614 is divided by 124.
118
Calculate the remainder when 247 is divided by 86.
75
Calculate the remainder when 1440 is divided by 469.
33
Calculate the remainder when 2338 is divided by 65.
63
What is the remainder when 9093 is divided by 413?
7
What is the remainder when 293 is divided by 128?
37
What is the remainder when 1105 is divided by 27?
25
What is the remainder when 177 is divided by 9?
6
What is the remainder when 325 is divided by 5?
0
Calculate the remainder when 345 is divided by 12.
9
Calculate the remainder when 355 is divided by 95.
70
Calculate the remainde